ermine i(-7).
332
Let u(t) = 767*t + 12305. What is u(-16)?
33
Let y(v) = -199*v**2 + 2723*v + 20128. Calculate y(19).
26
Let a(g) = 854*g + 28997. Give a(-34).
-39
Let x(y) = -939*y**2 + 507*y + 508. Give x(-1).
-938
Let l(d) = -1684*d + 154921. Calculate l(92).
-7
Let m(n) = -7*n**3 - 252*n + 772. Calculate m(3).
-173
Let k(y) = -70*y**2 - 6930*y + 9. Calculate k(-99).
9
Let j(w) = w**2 - 19*w - 177. Calculate j(-6).
-27
Let s(m) = 2*m**3 - 20*m**2 + 535*m - 2951. What is s(6)?
-29
Let l(c) = c**2 + 303327*c - 29735649. Calculate l(98).
1
Let z(d) = -5*d**2 + 718*d + 2329. Determine z(147).
-170
Let z(o) = 28*o**2 - 2898*o - 232236. What is z(-53)?
10
Let n(s) = -81568*s - 17863398. Calculate n(-219).
-6
Let v(o) = -o**2 + 2641*o - 39611. Give v(15).
-221
Let p(y) = 49416*y - 98949. Give p(2).
-117
Let u(c) = -5701*c - 1163014. Determine u(-204).
-10
Let g(l) = l**3 + 42*l**2 + 5*l - 91. What is g(-42)?
-301
Let i(b) = 2*b**3 - 2*b**2 + 66*b - 149. What is i(2)?
-9
Let z(b) = 2*b**2 + 46658*b + 233300. What is z(-5)?
60
Let i(v) = -v**3 + v**2 + 54*v + 203. What is i(0)?
203
Let o(q) = -64*q + 1767. Determine o(31).
-217
Let l(a) = -152030*a + 5169018. Determine l(34).
-2
Let j(y) = -y**3 + 30*y**2 - 77*y - 695. What is j(26)?
7
Let i(l) = -l**3 - 30*l**2 - 70*l - 4191. Give i(-32).
97
Let u(c) = 3145746*c - 22020221. What is u(7)?
1
Let l(g) = 11313*g + 33801. Determine l(-3).
-138
Let l(i) = 62*i**2 + 167*i + 29. Determine l(-1).
-76
Let d(n) = 15*n**3 + 112*n**2 - 15*n - 9. What is d(-3)?
639
Let x(o) = -10986*o - 88296. Calculate x(-8).
-408
Let m(b) = -29*b**2 - 941*b - 5786. Calculate m(-8).
-114
Let m(x) = -351*x - 3788. Give m(-12).
424
Let d(a) = a**3 + 81*a**2 + 1636*a - 162. Calculate d(-40).
-2
Let f(p) = 13*p**2 - 17*p + 187. What is f(4)?
327
Let p(w) = -63*w + 1561. What is p(31)?
-392
Let d(s) = -8*s**3 + 2664*s**2 + 66*s - 21999. Calculate d(333).
-21
Let b(f) = 3*f**3 - 166*f**2 + 202*f - 37. Give b(1).
2
Let t(v) = -762*v - 1217. What is t(-2)?
307
Let o(d) = d**3 - 63*d**2 - 15294*d + 974723. What is o(64)?
3
Let u(o) = -316*o - 68473. What is u(-208)?
-2745
Let s(o) = 145906*o - 1604970. Calculate s(11).
-4
Let d(g) = 3766*g - 45199. What is d(12)?
-7
Let u(w) = -w**2 + 18690*w - 168135. Determine u(9).
-6
Let l(x) = -2482*x + 60614. Give l(25).
-1436
Let p(s) = -s**3 - 23*s**2 + 188*s + 208. Determine p(-29).
-198
Let o(b) = -23774*b - 261516. What is o(-11)?
-2
Let d(u) = -17*u**2 + 354*u - 3799. Give d(10).
-1959
Let i(m) = -m**2 + 24*m + 105. Calculate i(-9).
-192
Let a(f) = 22153*f + 44382. Calculate a(-2).
76
Let w(u) = -u**3 - 49*u**2 + 348*u - 109. Determine w(7).
-417
Let k(q) = -q**3 - 8*q**2 + 130*q - 7. What is k(-16)?
-39
Let o(d) = -d**2 - 5453*d + 71060. Determine o(13).
2
Let q(j) = 366*j + 169. Determine q(1).
535
Let a(h) = 4*h**3 + 191*h**2 + 169*h + 1277. Give a(-47).
-39
Let p(b) = b**3 + 26*b**2 + 14*b + 139. Calculate p(-26).
-225
Let w(u) = u**3 - 297*u**2 + 1108*u + 18792. What is w(293)?
40
Let b(m) = 3*m**3 + 33*m**2 + 41*m + 843. Determine b(-12).
-81
Let h(r) = -7652*r + 53576. Calculate h(7).
12
Let s(r) = 3012*r - 740579. What is s(246)?
373
Let q(y) = -2*y**2 + 114004*y + 684084. Determine q(-6).
-12
Let j(s) = 142122*s - 1279091. Calculate j(9).
7
Let o(q) = -38*q**2 - 30*q - 7. Give o(4).
-735
Let x(w) = 1474*w - 45632. What is x(31)?
62
Let q(l) = -l**2 - 502*l + 32483. Calculate q(58).
3
Let r(d) = 303*d**2 - 4844*d + 8. What is r(16)?
72
Let p(j) = -1562*j - 36313. Determine p(-22).
-1949
Let g(y) = 4747*y + 109286. What is g(-23)?
105
Let f(m) = -11856*m**2 - 1529423*m + 137. What is f(-129)?
8
Let a(z) = 16*z**2 + 3824*z - 23515. Give a(6).
5
Let y(v) = -184*v - 30237. What is y(-157)?
-1349
Let r(s) = -165405*s - 165380. Calculate r(-1).
25
Let s(f) = -f**3 - 62*f**2 + 986*f + 130. Calculate s(-75).
-695
Let n(s) = -s**3 + 52*s**2 + 345*s - 435. Give n(-7).
41
Let g(x) = 57*x - 1002. What is g(17)?
-33
Let o(k) = 9*k**2 - 70*k - 5925. Determine o(-22).
-29
Let u(q) = 34807*q + 11799570. Calculate u(-339).
-3
Let s(w) = 297*w + 8366. Give s(-32).
-1138
Let x(b) = -b**3 + 10*b**2 + 30*b - 73. Give x(18).
-2125
Let s(l) = -3*l**3 - 298*l**2 + 502*l - 394. Determine s(-101).
-91
Let x(o) = 3746*o**3 + o**2 - 201*o + 199. Calculate x(1).
3745
Let j(c) = -5*c**2 + 939*c + 2834. Give j(-3).
-28
Let x(f) = f**3 + 30*f**2 + 216*f - 68. Calculate x(-13).
-3
Let x(c) = c**3 + 46*c**2 + 135*c + 1. Determine x(-3).
-17
Let x(s) = s**3 + 27*s**2 + 62*s - 425. What is x(-24)?
-185
Let g(p) = p**2 - 463*p + 9772. Determine g(22).
70
Let p(d) = -2*d**2 - 5112*d + 281863. What is p(54)?
-17
Let r(a) = 17*a**2 - 163*a + 1045. Give r(8).
829
Let p(o) = -184446*o + 5348979. Give p(29).
45
Let j(n) = -n**3 - 139*n**2 - 1198*n + 11857. Give j(-129).
-11
Let u(r) = -3*r**3 + 490*r**2 + 337*r - 1638. Calculate u(164).
-162
Let h(k) = 3*k**2 + 116*k - 17452. Calculate h(-98).
-8
Let o(v) = 11442*v - 20954. Give o(2).
1930
Let a(w) = w**2 + 9*w + 62. Give a(-5).
42
Let u(z) = 162*z**2 - 385*z - 312. Determine u(3).
-9
Let c(z) = -z**2 + 4678*z + 84527. Give c(-18).
-1
Let t(p) = -p**2 - 372804*p + 1864031. What is t(5)?
-14
Let d(w) = 4*w**3 + 657*w**2 + 208*w + 7470. Determine d(-164).
254
Let l(s) = -4*s**3 - 2726*s**2 - 43888*s + 1330. Give l(-665).
0
Let b(p) = -p**2 + 224*p - 12113. Give b(132).
31
Let t(c) = -172*c**3 - 23*c**2 + 18*c + 3. Give t(1).
-174
Let y(p) = -26*p**2 + 1020*p - 192. Determine y(39).
42
Let k(j) = 3*j**3 - 38*j**2 + 41*j - 711. What is k(13)?
-9
Let i(y) = -4708094*y - 51789031. Give i(-11).
3
Let c(b) = -4*b**2 - 841*b - 20898. What is c(-29)?
127
Let f(d) = -d**3 + 315*d**2 - 142*d - 54012. Give f(314).
-4
Let g(o) = -155*o - 19018. Give g(-119).
-573
Let q(i) = -274*i - 93851. Determine q(-345).
679
Let d(a) = 2*a**2 - 512*a - 3378538. What is d(-1178)?
-34
Let y(r) = r**2 - 138*r - 3662. Determine y(161).
41
Let l(f) = f**3 - 190*f**2 + 2140*f - 714. Give l(178).
-2
Let q(a) = 6*a**3 - 3*a**2 - 11*a - 37. What is q(-4)?
-425
Let k(t) = 2*t**2 + 5845*t + 52456. Determine k(-9).
13
Let d(m) = 26*m**2 - 43846*m + 16954. Calculate d(1686).
94
Let f(q) = 11*q**2 + 851*q - 509. Determine f(-78).
37
Let f(t) = -t**3 - 21*t**2 + 52*t + 220. What is f(-23)?
82
Let s(m) = 352*m - 17989. Calculate s(51).
-37
Let w(d) = 35*d**2 - 1827*d + 18. What is w(52)?
-346
Let u(f) = -23046*f - 737475. Calculate u(-32).
-3
Let f(v) = -2802*v - 1552240. Determine f(-554).
68
Let u(z) = 1045*z - 7734. Give u(5).
-2509
Let n(c) = -46*c**3 - 2*c**2 + c + 20. Calculate n(-2).
378
Let x(g) = 592*g**2 + 6549*g + 16837. Determine x(-7).
2
Let m(o) = 6248*o + 9190807. Calculate m(-1471).
-1
Let x(o) = 409*o + 121595. Give x(-297).
122
Let o(x) = 1468*x - 7416. What is o(5)?
-76
Let k(o) = -56955*o + 342061. Calculate k(6).
331
Let c(m) = -m**2 - 260*m - 3959. What is c(-242)?
397
Let w(k) = 922*k + 6384. Give w(-7).
-70
Let l(i) = -i**3 + 5*i**2 + 172*i - 56. Calculate l(-8).
-600
Let f(v) = 3*v**2 - 38*v - 66. Calculate f(-7).
347
Let h(d) = -2*d**2 + 52198*d + 2614899. What is h(-50)?
-1
Let i(b) = -7*b**2 - 81*b - 453. What is i(-5)?
-223
Let i(r) = r**3 + 70*r**2 + 826*r + 2635. Give i(-56).
283
Let j(h) = 14*h**3 - 303*h**2 + 706*h + 39. What is j(19)?
96
Let m(w) = -7*w**2 - 1358*w + 110. Determine m(-193).
1461
Let d(z) = 3494*z - 52385. Give d(15).
25
Let m(f) = -15111*f + 695730. Give m(46).
624
Let o(y) = -14868*y - 59402. Give o(-4).
70
Let o(d) = d**3 - 37*d**2 - 598*d + 3815. Calculate o(5).
25
Let d(a) = 217*a**3 - 3691*a**2 + 34*a + 2. Give d(17).
2
Let u(m) = m**3 - 1743*m**2 - 5270*m + 4. Give u(-3).
100
Let i(u) = u**2 - 274*u + 2731. What is i(10)?
91
Let z(a) = -a**3 - 5*a**2 - 2194*a - 21844. Calculate z(-10).
596
Let f(j) = 5*j**3 - 5*j**2 - 17*j - 80. What is f(-8)?
-2824
Let g(d) = -d**2 + 187*d + 20603. Calculate g(-97).
-6945
Let f(b) = b**3 + 68*b**2 - 78*b - 348. Calculate f(-69).
273
Let n(s) = -2*s**2 + 218*s + 44936. What is n(214)?
-4
Let n(l) = -2*l**2 + 16150*l - 182. What is n(0)?
-182
Let m(s) = -348*s**2 + 305*s + 616. Determine m(-2).
-1386
Let a(w) = w**3 - 49*w**2 - 161*w + 4365. Calculate a(49).
-3524
Let b(j) = -2*j**2 - 2556*j + 41364. What is b(16)?
-44
Let 